{"id":2,"date":"2016-02-14T22:59:49","date_gmt":"2016-02-14T21:59:49","guid":{"rendered":"http:\/\/agence-mad.com\/?page_id=2"},"modified":"2018-10-24T10:38:19","modified_gmt":"2018-10-24T09:38:19","slug":"page-d-exemple","status":"publish","type":"page","link":"https:\/\/agence-mad.com\/index.php\/page-d-exemple\/","title":{"rendered":"Honoraires"},"content":{"rendered":"<h2>PROPOSITION DE MISSION<\/h2>\n<p>La Soci\u00e9t\u00e9 AGENCE MAD, ci-apr\u00e8s d\u00e9nomm\u00e9 \u00ab l\u2019Agence \u00bb<br \/>\nLe client, ci-apr\u00e8s d\u00e9nomm\u00e9 \u00ab la Maitrise d\u2019ouvrage \u00bb<\/p>\n<h2>PROJET<\/h2>\n<p>La mission de l\u2019Agence est de transformer un espace existant, propri\u00e9t\u00e9 de la Maitrise d\u2019ouvrage, de l&rsquo;am\u00e9liorer et de r\u00e9soudre les diff\u00e9rentes probl\u00e9matiques qui se posent : espace, lumi\u00e8re, agencement.<\/p>\n<p>De la conception \u00e0 la r\u00e9alisation, il est n\u00e9cessaire de passer par plusieurs \u00ab\u00a0phases de projet\u00a0\u00bb.<\/p>\n<h2>APS : AVANT PROJET SOMMAIRE<\/h2>\n<p>L\u2019Agence ciblera les attentes de la Maitrise d\u2019ouvrage en analysant ses besoins en ad\u00e9quation avec ses contraintes financi\u00e8res.<\/p>\n<p>Pour cela, l\u2019Agence vous propose d&rsquo;\u00e9laborer un concept pour votre int\u00e9rieur, d\u00e9velopp\u00e9 autour d&rsquo;une esquisse de plans, de planches d\u2019ambiances (cuisine &#8211; salon &#8211; chambres &#8211; sdb), et la pr\u00e9sentation des principes d\u2019am\u00e9nagement pour vous permettre de mieux appr\u00e9hender les espaces.<\/p>\n<h2>APD : AVANT PROJET D\u00c9FINITIF<\/h2>\n<p>A la suite des diff\u00e9rentes discussions avec la Maitrise d\u2019ouvrage, l\u2019Agence d\u00e9taillera un projet d\u00e9finitif d\u00e9taill\u00e9 par niveau autour des \u00e9l\u00e9ments suivants :<\/p>\n<ul>\n<li>Plans d\u00e9taill\u00e9s au 1\/50e<\/li>\n<li>Coupes et \u00e9l\u00e9vations pour les espaces n\u00e9cessaires 1\/20e<\/li>\n<li>Plans techniques (\u00e9lectrique, plomberie, d\u00e9molition)<\/li>\n<li>Fiches produits d\u00e9taill\u00e9es (luminaires, mat\u00e9riaux, sanitaires, robinetterie, quincaillerie, appareillages, rev\u00eatements)<\/li>\n<\/ul>\n<p>Ces plans valid\u00e9s par la Maitrise d\u2019ouvrage int\u00e8greront tous les \u00e9l\u00e9ments techniques et principes de d\u00e9coration int\u00e9rieure. Ils pourront servir de base pour les appels d\u2019offres des diff\u00e9rents intervenants.<\/p>\n<h2>DCE : DOSSIER DE CONSULTATION DES ENTREPRISES<\/h2>\n<p>Cette \u00e9tape permet de choisir les diff\u00e9rents types d&rsquo;interventions n\u00e9cessaire \u00e0 la r\u00e9alisation du projet. Ces \u00e9l\u00e9ments plus techniques permettent d&rsquo;\u00e9tablir un planning pr\u00e9cis.<br \/>\nC&rsquo;est aussi l&rsquo;occasion d&rsquo;analyser et valider les premiers devis.<\/p>\n<h2>SUIVI DE CHANTIER<\/h2>\n<p>C&rsquo;est le moment phare du projet : tout commence petit \u00e0 petit \u00e0 se construire et \u00e0 prendre forme.<br \/>\nNous veillons au bon d\u00e9roulement du chantier en assurant le contr\u00f4le constant du travail et de la coordination des entreprises.<\/p>\n<h2>HONORAIRES<\/h2>\n<p>Ils sont calcul\u00e9s en fonction de la demande pr\u00e9cise de chaque client et de son budget.<\/p>\n<p>Il faut compter 15 % du montant total des travaux.<\/p>\n<p>Si vous souhaitez entreprendre vos travaux seuls, cela est possible et nous pouvons vous proposer de vous fournir que l&rsquo;APS. (Prix sur demande)<\/p>\n<p>Si vous d\u00e9sirez un d\u00e9placement conseil afin de vous orienter sur l\u2019acquisition d\u2019un bien et vous conforter dans un am\u00e9nagement possible, 150\u20acht vous sera factur\u00e9.<\/p>\n<p>L\u2019agence vous propose \u00e9galement d\u2019effectuer un m\u00e9tr\u00e9 pr\u00e9cis et des plans au 1.100e, base forfaitaire de 250\u20acht + 3\u20acht le m\u00b2.<\/p>\n","protected":false},"excerpt":{"rendered":"<p>PROPOSITION DE MISSION La Soci\u00e9t\u00e9 AGENCE MAD, ci-apr\u00e8s d\u00e9nomm\u00e9 \u00ab l\u2019Agence \u00bb Le client, ci-apr\u00e8s d\u00e9nomm\u00e9 \u00ab la Maitrise d\u2019ouvrage \u00bb PROJET La mission de l\u2019Agence est de transformer un espace existant, propri\u00e9t\u00e9 de la Maitrise d\u2019ouvrage, de l&rsquo;am\u00e9liorer et de r\u00e9soudre les diff\u00e9rentes probl\u00e9matiques qui se posent : espace, lumi\u00e8re, agencement. De la conception [&hellip;]<\/p>\n","protected":false},"author":1,"featured_media":0,"parent":0,"menu_order":3,"comment_status":"closed","ping_status":"closed","template":"","meta":[],"_links":{"self":[{"href":"https:\/\/agence-mad.com\/index.php\/wp-json\/wp\/v2\/pages\/2"}],"collection":[{"href":"https:\/\/agence-mad.com\/index.php\/wp-json\/wp\/v2\/pages"}],"about":[{"href":"https:\/\/agence-mad.com\/index.php\/wp-json\/wp\/v2\/types\/page"}],"author":[{"embeddable":true,"href":"https:\/\/agence-mad.com\/index.php\/wp-json\/wp\/v2\/users\/1"}],"replies":[{"embeddable":true,"href":"https:\/\/agence-mad.com\/index.php\/wp-json\/wp\/v2\/comments?post=2"}],"version-history":[{"count":11,"href":"https:\/\/agence-mad.com\/index.php\/wp-json\/wp\/v2\/pages\/2\/revisions"}],"predecessor-version":[{"id":542,"href":"https:\/\/agence-mad.com\/index.php\/wp-json\/wp\/v2\/pages\/2\/revisions\/542"}],"wp:attachment":[{"href":"https:\/\/agence-mad.com\/index.php\/wp-json\/wp\/v2\/media?parent=2"}],"curies":[{"name":"wp","href":"https:\/\/api.w.org\/{rel}","templated":true}]}}